vert -253321 (base 10) to base 7.
-2103355
-31205454 (base 7) to base 6
-132123230
Convert 10d47c (base 16) to base 11.
693752
Convert -761612 (base 8) to base 15.
-507a8
85616 (base 10) to base 11
59363
What is 135446015 (base 7) in base 10?
8902577
What is 605631 (base 10) in base 16?
93dbf
-24880144 (base 9) to base 10
-12216703
6cd35 (base 16) to base 13
127b75
What is 102000110100 (base 3) in base 15?
443b6
Convert 224353143 (base 6) to base 4.
33301310313
What is 12100001011 (base 3) in base 2?
11001101000101111
Convert -305a3 (base 13) to base 8.
-251205
What is 28b494 (base 14) in base 15?
1cdeb9
84954c (base 16) to base 15
b6979c
6930474 (base 10) to base 4
122130000222
What is -1101001111110101100 (base 2) in base 5?
-102342332
Convert 9c0 (base 16) to base 9.
3373
11100100100101100 (base 2) to base 8
344454
Convert -11000000001111011 (base 2) to base 13.
-35a54
Convert 21a221 (base 11) to base 3.
122210112202
Convert -10331330323 (base 4) to base 14.
-25c879
What is -54891 (base 10) in base 3?
-2210022000
What is -478b9a4 (base 12) in base 14?
-1bb15c8
Convert 7b375 (base 12) to base 14.
4402d
Convert 20110101220 (base 4) to base 15.
2d0eba
What is 2012220120022 (base 3) in base 7?
13010630
919872 (base 10) to base 8
3404500
What is 33644303 (base 7) in base 15?
3cebce
Convert -39171 (base 10) to base 14.
-103bd
Convert -10200277 (base 8) to base 13.
-5a9614
What is 42304002 (base 6) in base 4?
10232010002
What is -18a43b (base 12) in base 14?
-b3939
What is 2021210221002 (base 3) in base 4?
10221002021
Convert -1011000001011101000 (base 2) to base 15.
-72047
What is -18006 (base 11) in base 13?
-b68a
Convert -ce9dca (base 16) to base 5.
-11431301220
Convert -6550204 (base 7) to base 9.
-1452161
What is 12691 (base 16) in base 14?
1d6a5
-1040512 (base 9) to base 3
-1001100120102
Convert -1455502 (base 7) to base 6.
-4132324
What is 51758 (base 15) in base 11?
166a5a
74242 (base 9) to base 15
e7e8
245241511 (base 6) to base 4
102003213103
-67004 (base 12) to base 3
-20221021011
What is -51163642 (base 7) in base 16?
-411f9a
What is 303148 (base 10) in base 9?
511751
Convert 203013311 (base 4) to base 8.
430765
-1111021 (base 8) to base 7
-2355200
What is 3e412 (base 16) in base 14?
68cdc
3344240400 (base 5) to base 15
9b7100
What is 32330433 (base 6) in base 4?
3222133311
Convert -29841 (base 16) to base 3.
-22122021010
-41241d (base 14) to base 8
-10301053
55662603 (base 7) to base 15
653be6
1797233 (base 12) to base 13
10366cb
459d14 (base 15) to base 11
1970368
Convert -1fcff7 (base 16) to base 3.
-10220220212212
What is -10112100013 (base 4) in base 3?
-2010220101211
444005 (base 6) to base 11
25a0a
Convert 5bf42 (base 16) to base 7.
3126040
232836 (base 9) to base 6
2555440
Convert -72c3a7 (base 14) to base 4.
-32302012333
What is 1de1f8 (base 16) in base 8?
7360770
What is -1101010001101110100 (base 2) in base 10?
-435060
Convert 13531100 (base 6) to base 7.
3635430
What is -5245316 (base 7) in base 14?
-126b46
11110000110100 (base 2) to base 14
588c
What is 111001001011101 (base 2) in base 16?
725d
What is 100010001000001011001101 (base 2) in base 7?
136020513
Convert -6427078 (base 9) to base 14.
-658b06
What is 1201211232 (base 4) in base 13?
10cc32
What is 7d61 (base 16) in base 2?
111110101100001
Convert -1d040 (base 14) to base 15.
-16e7e
3792496 (base 10) to base 13
a2a2a6
What is -618047 (base 9) in base 4?
-1121202022
What is 40727 (base 12) in base 8?
244017
What is 47a52 (base 12) in base 5?
11042132
What is -4807040 (base 9) in base 15?
-366530
What is -177154 (base 14) in base 9?
-1488315
What is -10677 (base 12) in base 4?
-11102323
What is -1155603 (base 7) in base 11?
-a1606
Convert -609160 (base 11) to base 8.
-3567050
Convert 32633a (base 15) to base 6.
123240431
What is -1580082 (base 11) in base 10?
-2694034
Convert 376432 (base 8) to base 9.
217701
-5705b4 (base 12) to base 6
-45443544
Convert -4037471 (base 9) to base 11.
-123a039
What is -3145585 (base 10) in base 9?
-5823834
What is 100000001000001001011 (base 2) in base 15?
15bdd2
Convert -11021111021022 (base 3) to base 11.
-13129a3
Convert 44177314 (base 8) to base 9.
18782765
What is -664392 (base 10) in base 11?
-414193
What is -a4866b (base 15) in base 10?
-7824701
-158530 (base 9) to base 12
-48946
-140514200 (base 6) to base 13
-785b6b
What is 3272445 (base 8) in base 6?
30523045
113046 (base 8) to base 15
b5c8
Convert 21b436 (base 12) to base 2.
10000011010110101010
-222010111 (base 4) to base 8
-520425
Convert -3344430443 (base 5) to base 10.
-7420748
-63d3a (base 15) to base 11
-1a7070
Convert -a7b9f (base 16) to base 8.
-2475637
What is -459 (base 15) in base 7?
-2604
What is 2156253 (base 7) in base 9?
445263
What is 815341 (base 9) in base 3?
220112101101
344382 (base 13) to base 12
4b81b0
-6b70ca (base 15) to base 9
-10588501
What is -c18e8 (base 15) in base 5?
-124103033
-1011101000001110001 (base 2) to base 9
-640618
Convert 145551 (base 11) to base 13.
7c3a3
What is 850d18 (base 15) in base 14?
bab357
What is -1617375 (base 8) in base 11?
-29969a
What is 100201020212 (base 3) in base 10?
191183
12221100011 (base 3) to base 5
12220022
14114301 (base 5) to base 16
23637
-180222 (base 14) to base 4
-3032130012
Convert -4678f6 (base 16) to base 5.
-2140242421
Convert -125875 (base 9) to base 5.
-4422112
11feb (base 16) to base 3
10202002220
Convert cd8988 (base 14) to base 13.
15a39a6
Convert -200303124 (base 6) to base 3.
-20100212221221
430182 (base 9) to base 8
764042
-1100121120001 (base 3) to base 9
-1317501
618767 (base 10) to base 15
c3512
-16d03 (base 15) to base 5
-4330203
-55a5a4 (base 13) to base 5
-1004202334
3000144 (base 7) to base 3
122221021010
Convert 35bae (base 16) to base 10.
220078
Convert -1201203001 (base 4) to base 13.
-10cb2b
-6fa6 (base 16) to base 3
-1110012121
Convert 12121522 (base 6) to base 12.
1662a2
-4574303 (base 8) to base 16
-12f8c3
-1415261 (base 9) to base 2
-10111101111101001100
What is 2222021301 (base 4) in base 16?
aa271
Convert 1431422 (base 5) to base 9.
45426
What is 169277 (base 10) in base 8?
512475
1133131230 (base 4) to base 7
3216000
aa163 (base 15) to base 8
2037236
Convert -1322067 (base 8) to base 7.
-3066620
What is 207a35 (base 16) in base 7?
24043233
Convert 1101000010001011101111 (base 2) to base 7.
41020363
60160 (base 8) to base 16
6070
What is -57738 (base 12) in base 8?
-344134
Convert -5209410 (base 10) to base 9.
-10718863
Convert -3033153 (base 6) to base 13.
-50a60
What is -133785 (base 9) in base 14?
-21a1d
-6ef81 (base 16) to base 10
-454529
Convert -13151021 (base 6) to base 12.
-18b471
What is 11101101100010101001 (base 2) in base 5?
222113334
What is 113213121013 (base 4) in base 2?
10111100111011001000111
Convert -142174 (base 9) to base 4.
-111031303
-d7bec (base 16) to base 15
-126c7c
What is 6b6c7 (base 13) in base 2?
110000000001100110
Convert -102003111 (base 4) to base 14.
-1cd37
65317e (base 16) to base 12
2279a26
What is -4025145 (base 9) in base 8?
-10130675
What is 122630 (base 9) in base 14?
1d03c
1607b1 (base 14) to base 5
144113342
Convert deefe (base 16) to base 6.
31323314
Convert 200330200 (base 4) to base 9.
225087
33313212002 (base 4) to base 2
1111110111100110000010
What is -48d75d (base 14) in base 7?
-30133146
Convert 10413142 (base 5) to base 8.
263030
Convert -33428822 (base 9) to base 2.
-111101110010110110001000
What is -151528 (base 10) in base 5?
-14322103
-b99986 (base 13) to base 8
-20510664
What is 36bc31 (base 13) in base 2?
101000000001011111000
-3d50d9 (base 14) to base 5
-1021024131
-22332315 (base 6) to base 13
-1aac3b
Convert -2515125 (base 6) to base 2.
-100000110111011101
Convert 1101001010000101010000 (base 2) to base 11.
1a46458
20012222002 (base 3) to base 15
26432
What is -24b01 (base 16) in base 9?
-248120
-11112030110 (base 4) to base 3
-2122012122212
Convert 95781 (base 12) to base 5.
22240434
Convert 4b8131 (base 13) to base 12.
7376b4
Convert -994c7 (base 14) to base 12.
-15ab1b
Convert -11111110011110111 (base 2) to base 6.
-2443115
What is -2556666 (base 7) in base 4?
-1101132222
What is 3358930 (base 10) in base 3?
20022122120211
-17a635 (base 16) to base 6
-53115205
Convert 362832 (base 12) to base 15.
124658
What i